{"id":261,"date":"2024-12-02T07:22:39","date_gmt":"2024-12-02T07:22:39","guid":{"rendered":"https:\/\/www.matsvinnpaschemat.se\/larare\/?page_id=261"},"modified":"2026-04-10T12:21:03","modified_gmt":"2026-04-10T12:21:03","slug":"om-matsvinn-pa-schemat","status":"publish","type":"page","link":"https:\/\/matsvinnpaschemat.se\/larare\/om-matsvinn-pa-schemat\/","title":{"rendered":"Om Matsvinn p\u00e5 schemat"},"content":{"rendered":"\n<h1 class=\"wp-block-heading\">Om Matsvinn p\u00e5 schemat<\/h1>\n\n\n\n<p>Matsvinn p\u00e5 schemat \u00e4r ett unikt lektionsmaterial som p\u00e5 ett enkelt och engagerande s\u00e4tt l\u00e4r dina elever om matsvinn och om h\u00e5llbar konsumtion och produktion av livsmedel. V\u00e5r \u00f6vertygelse \u00e4r att n\u00e4r unga f\u00f6rst\u00e5r hur deras matval p\u00e5verkar milj\u00f6n, klimatet och samh\u00e4llet, blir de b\u00e4ttre rustade att g\u00f6ra h\u00e5llbara val i vardagen.&nbsp;<\/p>\n\n\n\n<p>Lektionsmaterialet \u00e4r utvecklat av <a href=\"http:\/\/www.atbart.org\">\u00c4tbart<\/a> inom ramen f\u00f6r ett tre\u00e5rigt projekt (2024\u20132026), vilket finansierats av <a href=\"https:\/\/www.arvsfonden.se\/\">Allm\u00e4nna arvsfonden<\/a>. Tillsammans med 10 pilotskolor har vi skapat ett material som utg\u00e5r fr\u00e5n <a href=\"http:\/\/skolverket.se\">Skolverkets<\/a> kursplaner. I v\u00e5rt material hittar du lektioner f\u00f6r hela grundskolan \u2013 fr\u00e5n f\u00f6rskoleklass till och med gymnasiet. Materialet \u00e4r dessutom faktagranskat av <a href=\"https:\/\/www.livsmedelsverket.se\/\">Livsmedelsverket<\/a> f\u00f6r att s\u00e4kerst\u00e4lla h\u00f6gsta kvalitet och relevans.<\/p>\n\n\n\n<p>P\u00e5 denna hemsida hittar du ett brett utbud av lektioner med tillh\u00f6rande material f\u00f6r att integrera undervisning om matsvinn och h\u00e5llbar livsmedelsproduktion och -konsumtion i flera \u00e4mnen. H\u00e4r finns f\u00e4rdiga lektionsuppl\u00e4gg, faktatexter, quiz och spel.<\/p>\n\n\n\n<p>V\u00e5r m\u00e5ls\u00e4ttning \u00e4r att ge l\u00e4rare verktyg f\u00f6r att g\u00f6ra undervisningen b\u00e5de rolig och meningsfull, samtidigt som vi <strong>st\u00e4rker elevernas inflytande och delaktighet i den h\u00e5llbara samh\u00e4llsutvecklingen.&nbsp;<\/strong><\/p>\n\n\n\n<p>V\u00e4lkommen att utforska l\u00e4romaterialet i v\u00e5r <a href=\"https:\/\/matsvinnpaschemat.se\/larare\/lektioner\/\" data-type=\"link\" data-id=\"https:\/\/matsvinnpaschemat.se\/larare\/lektioner\/\">lektionsbank<\/a> som s\u00e4tter matsvinn p\u00e5 schemat!<\/p>\n\n\n\n<hr class=\"wp-block-separator has-alpha-channel-opacity\"\/>\n\n\n\n<p>Vill ni se en film om projektet? Klicka p\u00e5 play f\u00f6r att se den nedan &#8211; eller g\u00e5 till <a href=\"https:\/\/www.youtube.com\/@atbart8106\" title=\"\">\u00c4tbarts youtube-kanal<\/a>.<\/p>\n\n\n\n<figure class=\"wp-block-embed is-type-video is-provider-youtube wp-block-embed-youtube wp-embed-aspect-16-9 wp-has-aspect-ratio\"><div class=\"wp-block-embed__wrapper\">\n<iframe loading=\"lazy\" title=\"Matsvinn p\u00e5 schemat - projektfilm\" width=\"500\" height=\"281\" src=\"https:\/\/www.youtube.com\/embed\/ot-SbsR2ieE?feature=oembed\" frameborder=\"0\" allow=\"accelerometer; autoplay; clipboard-write; encrypted-media; gyroscope; picture-in-picture; web-share\" referrerpolicy=\"strict-origin-when-cross-origin\" allowfullscreen><\/iframe>\n<\/div><\/figure>\n\n\n\n<p> <\/p>\n","protected":false},"excerpt":{"rendered":"<p>Om Matsvinn p\u00e5 schemat Matsvinn p\u00e5 schemat \u00e4r ett unikt lektionsmaterial som p\u00e5 ett enkelt och engagerande s\u00e4tt l\u00e4r dina elever om matsvinn och om h\u00e5llbar konsumtion och produktion av livsmedel. V\u00e5r \u00f6vertygelse \u00e4r att n\u00e4r unga f\u00f6rst\u00e5r hur deras matval p\u00e5verkar milj\u00f6n, klimatet och samh\u00e4llet, blir de b\u00e4ttre rustade att g\u00f6ra h\u00e5llbara val i [&hellip;]<\/p>\n","protected":false},"author":1,"featured_media":0,"parent":0,"menu_order":0,"comment_status":"closed","ping_status":"closed","template":"","meta":{"_monsterinsights_skip_tracking":false,"_monsterinsights_sitenote_active":false,"_monsterinsights_sitenote_note":"","_monsterinsights_sitenote_category":0,"footnotes":""},"class_list":["post-261","page","type-page","status-publish","hentry"],"aioseo_notices":[],"_links":{"self":[{"href":"https:\/\/matsvinnpaschemat.se\/larare\/wp-json\/wp\/v2\/pages\/261","targetHints":{"allow":["GET"]}}],"collection":[{"href":"https:\/\/matsvinnpaschemat.se\/larare\/wp-json\/wp\/v2\/pages"}],"about":[{"href":"https:\/\/matsvinnpaschemat.se\/larare\/wp-json\/wp\/v2\/types\/page"}],"author":[{"embeddable":true,"href":"https:\/\/matsvinnpaschemat.se\/larare\/wp-json\/wp\/v2\/users\/1"}],"replies":[{"embeddable":true,"href":"https:\/\/matsvinnpaschemat.se\/larare\/wp-json\/wp\/v2\/comments?post=261"}],"version-history":[{"count":15,"href":"https:\/\/matsvinnpaschemat.se\/larare\/wp-json\/wp\/v2\/pages\/261\/revisions"}],"predecessor-version":[{"id":3801,"href":"https:\/\/matsvinnpaschemat.se\/larare\/wp-json\/wp\/v2\/pages\/261\/revisions\/3801"}],"wp:attachment":[{"href":"https:\/\/matsvinnpaschemat.se\/larare\/wp-json\/wp\/v2\/media?parent=261"}],"curies":[{"name":"wp","href":"https:\/\/api.w.org\/{rel}","templated":true}]}}