{"id":2263,"date":"2025-10-13T09:36:26","date_gmt":"2025-10-13T09:36:26","guid":{"rendered":"https:\/\/www.matsvinnpaschemat.se\/larare\/?page_id=2263"},"modified":"2026-02-23T12:59:26","modified_gmt":"2026-02-23T12:59:26","slug":"overgodning","status":"publish","type":"page","link":"https:\/\/matsvinnpaschemat.se\/larare\/overgodning\/","title":{"rendered":"\u00d6verg\u00f6dning"},"content":{"rendered":"\n<h1 class=\"wp-block-heading\">\u00d6verg\u00f6dning<\/h1>\n\n\n\n<p>F\u00f6r att \u00f6ka avkastningen inom jordbruket anv\u00e4nds g\u00f6dsel, naturlig eller konstg\u00f6dsel, som inneh\u00e5ller de tv\u00e5 viktiga n\u00e4rings\u00e4mnena kv\u00e4ve och fosfor. V\u00e4xterna kan ofta inte ta upp alla n\u00e4rings\u00e4mnen, och n\u00e4r det regnar f\u00f6ljer \u00f6verskottet med vattnet ner i grundvattnet och vidare ut i sj\u00f6ar och hav.<\/p>\n\n\n\n<div class=\"wp-block-group is-nowrap is-layout-flex wp-container-core-group-is-layout-2 wp-block-group-is-layout-flex\" style=\"padding-bottom:var(--wp--preset--spacing--30)\">\n<div class=\"wp-block-group is-vertical is-layout-flex wp-container-core-group-is-layout-1 wp-block-group-is-layout-flex\">\n<p>N\u00e4r f\u00f6r mycket n\u00e4ring tillf\u00f6rs \u00f6kar tillv\u00e4xten av alger. N\u00e4r denna tillv\u00e4xt sker snabbt kallas det f\u00f6r algblomning. N\u00e4r algerna d\u00f6r sjunker de ner till botten och bryts ned i en process som f\u00f6rbrukar syre. Om syret tar slut d\u00f6r bottenlevande djur och v\u00e4xter &#8211; ett tillst\u00e5nd som kallas bottend\u00f6d.<strong>&nbsp;<\/strong><\/p>\n\n\n\n<p>H\u00e4lften av Sveriges \u00f6verg\u00f6dande utsl\u00e4pp kommer fr\u00e5n jordbruket. K\u00f6tt- och mj\u00f6lkproduktion kr\u00e4ver mer insatsvaror och orsakar d\u00e4rf\u00f6r st\u00f6rre \u00f6verg\u00f6dande utsl\u00e4pp per kilo \u00e4n vegetabilier.<\/p>\n<\/div>\n\n\n\n<figure class=\"wp-block-image size-full\"><img loading=\"lazy\" decoding=\"async\" width=\"910\" height=\"949\" src=\"https:\/\/matsvinnpaschemat.se\/larare\/wp-content\/uploads\/sites\/7\/2026\/02\/MPS_Godsel.png\" alt=\"\" class=\"wp-image-3449\" srcset=\"https:\/\/matsvinnpaschemat.se\/larare\/wp-content\/uploads\/sites\/7\/2026\/02\/MPS_Godsel.png 910w, https:\/\/matsvinnpaschemat.se\/larare\/wp-content\/uploads\/sites\/7\/2026\/02\/MPS_Godsel-288x300.png 288w, https:\/\/matsvinnpaschemat.se\/larare\/wp-content\/uploads\/sites\/7\/2026\/02\/MPS_Godsel-768x801.png 768w\" sizes=\"auto, (max-width: 910px) 100vw, 910px\" \/><\/figure>\n<\/div>\n\n\n\n<hr class=\"wp-block-separator has-alpha-channel-opacity\"\/>\n\n\n\n<div class=\"wp-block-group is-vertical is-layout-flex wp-container-core-group-is-layout-3 wp-block-group-is-layout-flex\" style=\"padding-top:var(--wp--preset--spacing--30)\">\n<h2 class=\"wp-block-heading\"><span style=\"text-decoration: underline;\">K\u00e4llor<\/span><\/h2>\n\n\n\n<p><a href=\"https:\/\/jordbruksverket.se\/jordbruket-miljon-och-klimatet\/overgodning-och-lackage-av-vaxtnaring\">https:\/\/jordbruksverket.se\/jordbruket-miljon-och-klimatet\/overgodning-och-lackage-av-vaxtnaring<\/a><\/p>\n\n\n\n<p><a href=\"https:\/\/www.wwf.se\/hav-och-fiske\/ostersjon\/overgodning-och-algblomning\/#vad-ar-overgodning\">https:\/\/www.wwf.se\/hav-och-fiske\/ostersjon\/overgodning-och-algblomning\/#vad-ar-overgodning<\/a><\/p>\n<\/div>\n","protected":false},"excerpt":{"rendered":"<p>\u00d6verg\u00f6dning F\u00f6r att \u00f6ka avkastningen inom jordbruket anv\u00e4nds g\u00f6dsel, naturlig eller konstg\u00f6dsel, som inneh\u00e5ller de tv\u00e5 viktiga n\u00e4rings\u00e4mnena kv\u00e4ve och fosfor. V\u00e4xterna kan ofta inte ta upp alla n\u00e4rings\u00e4mnen, och n\u00e4r det regnar f\u00f6ljer \u00f6verskottet med vattnet ner i grundvattnet och vidare ut i sj\u00f6ar och hav. N\u00e4r f\u00f6r mycket n\u00e4ring tillf\u00f6rs \u00f6kar tillv\u00e4xten av [&hellip;]<\/p>\n","protected":false},"author":3,"featured_media":0,"parent":0,"menu_order":0,"comment_status":"closed","ping_status":"closed","template":"","meta":{"_monsterinsights_skip_tracking":false,"_monsterinsights_sitenote_active":false,"_monsterinsights_sitenote_note":"","_monsterinsights_sitenote_category":0,"footnotes":""},"class_list":["post-2263","page","type-page","status-publish","hentry"],"aioseo_notices":[],"_links":{"self":[{"href":"https:\/\/matsvinnpaschemat.se\/larare\/wp-json\/wp\/v2\/pages\/2263","targetHints":{"allow":["GET"]}}],"collection":[{"href":"https:\/\/matsvinnpaschemat.se\/larare\/wp-json\/wp\/v2\/pages"}],"about":[{"href":"https:\/\/matsvinnpaschemat.se\/larare\/wp-json\/wp\/v2\/types\/page"}],"author":[{"embeddable":true,"href":"https:\/\/matsvinnpaschemat.se\/larare\/wp-json\/wp\/v2\/users\/3"}],"replies":[{"embeddable":true,"href":"https:\/\/matsvinnpaschemat.se\/larare\/wp-json\/wp\/v2\/comments?post=2263"}],"version-history":[{"count":5,"href":"https:\/\/matsvinnpaschemat.se\/larare\/wp-json\/wp\/v2\/pages\/2263\/revisions"}],"predecessor-version":[{"id":3452,"href":"https:\/\/matsvinnpaschemat.se\/larare\/wp-json\/wp\/v2\/pages\/2263\/revisions\/3452"}],"wp:attachment":[{"href":"https:\/\/matsvinnpaschemat.se\/larare\/wp-json\/wp\/v2\/media?parent=2263"}],"curies":[{"name":"wp","href":"https:\/\/api.w.org\/{rel}","templated":true}]}}