{"id":2259,"date":"2025-10-13T09:31:23","date_gmt":"2025-10-13T09:31:23","guid":{"rendered":"https:\/\/www.matsvinnpaschemat.se\/larare\/?page_id=2259"},"modified":"2026-02-23T12:54:52","modified_gmt":"2026-02-23T12:54:52","slug":"vattenforbrukning","status":"publish","type":"page","link":"https:\/\/matsvinnpaschemat.se\/larare\/vattenforbrukning\/","title":{"rendered":"Vattenf\u00f6rbrukning"},"content":{"rendered":"\n<h1 class=\"wp-block-heading\">Vattenf\u00f6rbrukning<\/h1>\n\n\n\n<p>Av allt vatten som finns p\u00e5 jorden \u00e4r endast 3 % s\u00f6tvatten och av dessa \u00e4r 2 % bundet i glaci\u00e4rer. Endast 1 % av allt vatten p\u00e5 jorden \u00e4r allts\u00e5 drickbart och tillg\u00e4ngligt f\u00f6r m\u00e4nniskor och djur. Vatten \u00e4r en \u00e4ndlig resurs som vi m\u00e5ste hush\u00e5lla med.<\/p>\n\n\n\n<p>I Sverige st\u00e5r jordbruket f\u00f6r 4 % av landets s\u00f6tvattensf\u00f6rbrukning. Av detta vatten kommer drygt h\u00e4lften fr\u00e5n ytvatten i sj\u00f6ar och dammar, resten \u00e4r grundvatten. Hur mycket vatten som beh\u00f6vs tas fr\u00e5n dessa k\u00e4llor beror helt p\u00e5 hur mycket det regnar.&nbsp;<\/p>\n\n\n\n<p>Globalt sett f\u00f6rbrukas<strong> <\/strong>70 % av v\u00e4rldens s\u00f6tvatten inom jordbruket. Samtidigt saknar en fj\u00e4rdedel av jordens befolkning tillg\u00e5ng till rent dricksvatten. Drygt en fj\u00e4rdedel upplever dessutom minst en m\u00e5nad per \u00e5r med vattenbrist.&nbsp;<\/p>\n\n\n\n<p style=\"padding-bottom:var(--wp--preset--spacing--30)\">Miljoner m\u00e4nniskor tvingas varje \u00e5r att fly p\u00e5 grund av klimatf\u00f6r\u00e4ndringarna. Sedan 1960 har antalet flyktingar (oavsett orsak) fyrdubblats &#8211; och 10 % av denna \u00f6kning beror p\u00e5 vattenbrist.<\/p>\n\n\n\n<hr class=\"wp-block-separator has-alpha-channel-opacity\"\/>\n\n\n\n<div class=\"wp-block-group is-vertical is-layout-flex wp-container-core-group-is-layout-1 wp-block-group-is-layout-flex\" style=\"padding-top:var(--wp--preset--spacing--30);padding-bottom:var(--wp--preset--spacing--30)\">\n<h2 class=\"wp-block-heading\"><span style=\"text-decoration: underline;\">K\u00e4llor<\/span><\/h2>\n\n\n\n<p><a href=\"https:\/\/sydvatten.se\/vattenfakta\/varldens-vatten\/\">https:\/\/sydvatten.se\/vattenfakta\/varldens-vatten\/<\/a><\/p>\n\n\n\n<p><a href=\"https:\/\/www.scb.se\/contentassets\/54f765e90041445397b0fdc85aa04424\/mi0902_2020a01_br_mi27br2201.pdf\">https:\/\/www.scb.se\/contentassets\/54f765e90041445397b0fdc85aa04424\/mi0902_2020a01_br_mi27br2201.pdf<\/a><\/p>\n\n\n\n<p><a href=\"https:\/\/jordbruketisiffror.wordpress.com\/2024\/11\/21\/mest-bevattning-i-slattbygderna-i-soder\/\">https:\/\/jordbruketisiffror.wordpress.com\/2024\/11\/21\/mest-bevattning-i-slattbygderna-i-soder\/<\/a><\/p>\n\n\n\n<p><a href=\"https:\/\/www.unesco.org\/en\/articles\/imminent-risk-global-water-crisis-warns-un-world-water-development-report-2023\">https:\/\/www.unesco.org\/en\/articles\/imminent-risk-global-water-crisis-warns-un-world-water-development-report-2023<\/a><\/p>\n\n\n\n<p><a href=\"https:\/\/www.raddabarnen.se\/vad-vi-gor\/katastrofer\/klimatet\/klimatflyktingar\">https:\/\/www.raddabarnen.se\/vad-vi-gor\/katastrofer\/klimatet\/klimatflyktingar<\/a><\/p>\n\n\n\n<p><a href=\"https:\/\/www.worldbank.org\/en\/news\/feature\/2021\/08\/23\/going-with-the-flow-water-s-role-in-global-migration\">https:\/\/www.worldbank.org\/en\/news\/feature\/2021\/08\/23\/going-with-the-flow-water-s-role-in-global-migration<\/a><\/p>\n<\/div>\n","protected":false},"excerpt":{"rendered":"<p>Vattenf\u00f6rbrukning Av allt vatten som finns p\u00e5 jorden \u00e4r endast 3 % s\u00f6tvatten och av dessa \u00e4r 2 % bundet i glaci\u00e4rer. Endast 1 % av allt vatten p\u00e5 jorden \u00e4r allts\u00e5 drickbart och tillg\u00e4ngligt f\u00f6r m\u00e4nniskor och djur. Vatten \u00e4r en \u00e4ndlig resurs som vi m\u00e5ste hush\u00e5lla med. I Sverige st\u00e5r jordbruket f\u00f6r 4 [&hellip;]<\/p>\n","protected":false},"author":3,"featured_media":0,"parent":0,"menu_order":0,"comment_status":"closed","ping_status":"closed","template":"","meta":{"_monsterinsights_skip_tracking":false,"_monsterinsights_sitenote_active":false,"_monsterinsights_sitenote_note":"","_monsterinsights_sitenote_category":0,"footnotes":""},"class_list":["post-2259","page","type-page","status-publish","hentry"],"aioseo_notices":[],"_links":{"self":[{"href":"https:\/\/matsvinnpaschemat.se\/larare\/wp-json\/wp\/v2\/pages\/2259","targetHints":{"allow":["GET"]}}],"collection":[{"href":"https:\/\/matsvinnpaschemat.se\/larare\/wp-json\/wp\/v2\/pages"}],"about":[{"href":"https:\/\/matsvinnpaschemat.se\/larare\/wp-json\/wp\/v2\/types\/page"}],"author":[{"embeddable":true,"href":"https:\/\/matsvinnpaschemat.se\/larare\/wp-json\/wp\/v2\/users\/3"}],"replies":[{"embeddable":true,"href":"https:\/\/matsvinnpaschemat.se\/larare\/wp-json\/wp\/v2\/comments?post=2259"}],"version-history":[{"count":4,"href":"https:\/\/matsvinnpaschemat.se\/larare\/wp-json\/wp\/v2\/pages\/2259\/revisions"}],"predecessor-version":[{"id":3443,"href":"https:\/\/matsvinnpaschemat.se\/larare\/wp-json\/wp\/v2\/pages\/2259\/revisions\/3443"}],"wp:attachment":[{"href":"https:\/\/matsvinnpaschemat.se\/larare\/wp-json\/wp\/v2\/media?parent=2259"}],"curies":[{"name":"wp","href":"https:\/\/api.w.org\/{rel}","templated":true}]}}