{"id":2229,"date":"2025-10-09T12:07:28","date_gmt":"2025-10-09T12:07:28","guid":{"rendered":"https:\/\/www.matsvinnpaschemat.se\/larare\/?page_id=2229"},"modified":"2026-02-23T13:54:40","modified_gmt":"2026-02-23T13:54:40","slug":"information-till-vardnadshavare","status":"publish","type":"page","link":"https:\/\/matsvinnpaschemat.se\/larare\/information-till-vardnadshavare\/","title":{"rendered":"Information till v\u00e5rdnadshavare"},"content":{"rendered":"\n<h1 class=\"wp-block-heading\">Information till v\u00e5rdnadshavare<\/h1>\n\n\n\n<p style=\"padding-bottom:var(--wp--preset--spacing--30)\">Denna text \u00e4r till v\u00e5rdnadshavare med barn i en klass som anv\u00e4nder sig av lektionsmaterial fr\u00e5n <em>Matsvinn p\u00e5 schemat<\/em>. Texten kan \u00e4ven anv\u00e4ndas av l\u00e4rare som vill skicka ut information till v\u00e5rdnadshavare i samband med anv\u00e4ndandet av lektionsmaterialet.<\/p>\n\n\n\n<hr class=\"wp-block-separator has-alpha-channel-opacity\"\/>\n\n\n\n<p style=\"padding-top:var(--wp--preset--spacing--30)\">Vi arbetar just nu med material fr\u00e5n <a href=\"http:\/\/matsvinnpaschemat.se\"><em>Matsvinn p\u00e5 schemat<\/em><\/a>, lektioner p\u00e5 temat matsvinn och h\u00e5llbar livsmedelsproduktion och -konsumtion. Att arbeta med fr\u00e5gor som ber\u00f6r dessa \u00e4mnen \u00e4r en del av arbetet med l\u00e4rande f\u00f6r h\u00e5llbar utveckling. Vi vill st\u00e4rka elevernas kompetens, engagemang och handlingskraft f\u00f6r att de ska kunna bidra till, och vara en del av, ett mer h\u00e5llbart samh\u00e4lle. Just matsvinn \u00e4r ett v\u00e4ldigt konkret och elevn\u00e4ra exempel p\u00e5 n\u00e5got man sj\u00e4lv kan g\u00f6ra f\u00f6r att g\u00f6ra planeten (och pl\u00e5nboken) en tj\u00e4nst.&nbsp;&nbsp;<\/p>\n\n\n\n<p>Det \u00e4r den ideella f\u00f6reningen <a href=\"https:\/\/xn--tbart-fra.org\/\"><em>\u00c4tbart<\/em><\/a> som har tagit fram lektionsmaterialet inom ramen f\u00f6r det tre\u00e5riga arvsfondsprojektet <em><a href=\"https:\/\/atbart.org\/matsvinn-pa-schemat\/\">Matsvinn p\u00e5 schemat<\/a><\/em>.<\/p>\n\n\n\n<p>P\u00e5 hemsidan finns lektioner fr\u00e5n f\u00f6rskoleklass upp till och med gymnasiet, och inom en rad olika skol\u00e4mnen med koppling till temat. Det kan vara en mattelektion d\u00e4r de f\u00e5r r\u00e4kna p\u00e5 matsvinn eller att p\u00e5 biologin prata om varf\u00f6r biologisk m\u00e5ngfald \u00e4r viktigt f\u00f6r v\u00e5r livsmedelsproduktion. Det kan handla om att laga nya r\u00e4tter fr\u00e5n rester p\u00e5 hemkunskapen eller att prata om hur maten blir till, fr\u00e5n jord till bord. F\u00f6rutom lektioner finns ocks\u00e5 spel som ett roligt lektionsbrytande material, till exempel MatsvinnsFia, Matsvinnsbingo och ett samtalsspel med t\u00e4rningar.<\/p>\n\n\n\n<p>Ut\u00f6ver sj\u00e4lva lektionsbanken finns ocks\u00e5 matnyttig information om t.ex. hur du som vuxen kan prata om klimatet och milj\u00f6n med barn som lider av <a href=\"https:\/\/matsvinnpaschemat.se\/larare\/hur-hanterar-vi-klimatoro\/\" data-type=\"link\" data-id=\"https:\/\/matsvinnpaschemat.se\/larare\/hur-hanterar-vi-klimatoro\/\"><em>klimatoro<\/em><\/a>, eller s\u00e5dant som kan vara bra att t\u00e4nka p\u00e5 vid anv\u00e4ndandet av materialet i de fall ett barn har n\u00e5gon typ av <em><a href=\"https:\/\/matsvinnpaschemat.se\/larare\/hur-pratar-vi-om-mat\/\" data-type=\"page\" data-id=\"2061\">\u00e4tst\u00f6rningsproblematik<\/a><\/em>.<\/p>\n","protected":false},"excerpt":{"rendered":"<p>Information till v\u00e5rdnadshavare Denna text \u00e4r till v\u00e5rdnadshavare med barn i en klass som anv\u00e4nder sig av lektionsmaterial fr\u00e5n Matsvinn p\u00e5 schemat. Texten kan \u00e4ven anv\u00e4ndas av l\u00e4rare som vill skicka ut information till v\u00e5rdnadshavare i samband med anv\u00e4ndandet av lektionsmaterialet. Vi arbetar just nu med material fr\u00e5n Matsvinn p\u00e5 schemat, lektioner p\u00e5 temat matsvinn [&hellip;]<\/p>\n","protected":false},"author":3,"featured_media":0,"parent":0,"menu_order":0,"comment_status":"closed","ping_status":"closed","template":"","meta":{"_monsterinsights_skip_tracking":false,"_monsterinsights_sitenote_active":false,"_monsterinsights_sitenote_note":"","_monsterinsights_sitenote_category":0,"footnotes":""},"class_list":["post-2229","page","type-page","status-publish","hentry"],"aioseo_notices":[],"_links":{"self":[{"href":"https:\/\/matsvinnpaschemat.se\/larare\/wp-json\/wp\/v2\/pages\/2229","targetHints":{"allow":["GET"]}}],"collection":[{"href":"https:\/\/matsvinnpaschemat.se\/larare\/wp-json\/wp\/v2\/pages"}],"about":[{"href":"https:\/\/matsvinnpaschemat.se\/larare\/wp-json\/wp\/v2\/types\/page"}],"author":[{"embeddable":true,"href":"https:\/\/matsvinnpaschemat.se\/larare\/wp-json\/wp\/v2\/users\/3"}],"replies":[{"embeddable":true,"href":"https:\/\/matsvinnpaschemat.se\/larare\/wp-json\/wp\/v2\/comments?post=2229"}],"version-history":[{"count":11,"href":"https:\/\/matsvinnpaschemat.se\/larare\/wp-json\/wp\/v2\/pages\/2229\/revisions"}],"predecessor-version":[{"id":3492,"href":"https:\/\/matsvinnpaschemat.se\/larare\/wp-json\/wp\/v2\/pages\/2229\/revisions\/3492"}],"wp:attachment":[{"href":"https:\/\/matsvinnpaschemat.se\/larare\/wp-json\/wp\/v2\/media?parent=2229"}],"curies":[{"name":"wp","href":"https:\/\/api.w.org\/{rel}","templated":true}]}}