{"id":2207,"date":"2025-10-09T11:40:27","date_gmt":"2025-10-09T11:40:27","guid":{"rendered":"https:\/\/www.matsvinnpaschemat.se\/larare\/?page_id=2207"},"modified":"2026-02-26T07:17:52","modified_gmt":"2026-02-26T07:17:52","slug":"datummarkningar","status":"publish","type":"page","link":"https:\/\/matsvinnpaschemat.se\/larare\/datummarkningar\/","title":{"rendered":"Datumm\u00e4rkningar"},"content":{"rendered":"\n<h1 class=\"wp-block-heading\">Datumm\u00e4rkningar<\/h1>\n\n\n\n<p>Mycket matsvinn uppst\u00e5r p\u00e5 grund av os\u00e4kerhet kring datumm\u00e4rkningar.&nbsp;Nedan hittar du kort information om de tv\u00e5 vanligaste datumm\u00e4rkningarna: <em>B\u00e4st f\u00f6re <\/em>och <em>Sista f\u00f6rbrukningsdag.<\/em><\/p>\n\n\n\n<div class=\"wp-block-group is-vertical is-layout-flex wp-container-core-group-is-layout-1 wp-block-group-is-layout-flex\" style=\"padding-top:var(--wp--preset--spacing--30);padding-bottom:var(--wp--preset--spacing--30)\">\n<h2 class=\"wp-block-heading\">B\u00e4st f\u00f6re-datum<\/h2>\n\n\n\n<p>B\u00e4st f\u00f6re-datum ger en fingervisning om hur l\u00e4nge en vara h\u00e5ller avsedd kvalitet i form av smak, f\u00e4rg, krispighet eller tuggmotst\u00e5nd. Efter b\u00e4st f\u00f6re-datumet kan dessa faktorer allts\u00e5 \u00e4ndras n\u00e5got. B\u00e4st f\u00f6re-datum s\u00e4ger ingenting om n\u00e4r ett livsmedel kan bli h\u00e4lsofarligt. Datumet avser o\u00f6ppnad f\u00f6rpackning men \u00e4ven en \u00f6ppnad f\u00f6rpackning kan h\u00e5lla flera dagar efter b\u00e4st f\u00f6re-datumet.&nbsp;<\/p>\n\n\n\n<p>Ofta kan du sj\u00e4lv avg\u00f6ra om en produkt g\u00e5r att \u00e4ta eller inte efter det att b\u00e4st f\u00f6re-datumet passerat genom att titta, lukta och smaka p\u00e5 den. Om den ser ut som f\u00f6rv\u00e4ntat, luktar okej och smakar normalt, kan den med st\u00f6rsta sannolikhet ocks\u00e5 \u00e4tas.<\/p>\n\n\n\n<p>F\u00f6rvaringsanvisningar \u00e4r viktiga att f\u00f6lja, s\u00e4rskilt p\u00e5 kylvaror. Kylvaror h\u00e5ller i regel l\u00e4ngre ju kallare de f\u00f6rvaras. En temperaturs\u00e4nkning i kylsk\u00e5pet fr\u00e5n 8 \u00b0C till 4 \u00b0C kan d\u00e4rf\u00f6r g\u00f6ra stor skillnad. Livsmedelsverket rekommenderar en kylsk\u00e5pstemperatur p\u00e5 4\u00b0C och en frystemperatur p\u00e5 -18 \u00b0C.<\/p>\n\n\n\n<p>Vad g\u00e4ller matens n\u00e4ringsinneh\u00e5ll pekar forskning p\u00e5 att ett livsmedels n\u00e4ringsv\u00e4rde inte n\u00e4mnv\u00e4rt f\u00f6r\u00e4ndras efter det att b\u00e4st f\u00f6re-datumet passerat.&nbsp;Viktigt att po\u00e4ngtera \u00e4r att <strong>personer med nedsatt immunf\u00f6rsvar inte b\u00f6r \u00e4ta livsmedel som passerat b\u00e4st f\u00f6re-datum<\/strong>.<\/p>\n<\/div>\n\n\n\n<div class=\"wp-block-group is-vertical is-layout-flex wp-container-core-group-is-layout-2 wp-block-group-is-layout-flex\" style=\"padding-top:0;padding-bottom:var(--wp--preset--spacing--30)\">\n<h2 class=\"wp-block-heading\">Sista f\u00f6rbrukningsdag<\/h2>\n\n\n\n<p>Sista f\u00f6rbrukningsdag anger hur l\u00e4nge ett livsmedel \u00e4r s\u00e4kert att \u00e4ta. M\u00e4rkningen anv\u00e4nds p\u00e5 k\u00e4nsligare varor, som k\u00f6tt, fisk, skaldjur och f\u00e5gel samt ibland p\u00e5 gravade och r\u00f6kta produkter.<\/p>\n\n\n\n<p>Till skillnad fr\u00e5n b\u00e4st f\u00f6re-datum kan du inte sj\u00e4lv avg\u00f6ra om en produkt \u00e4r s\u00e4ker att \u00e4ta efter det att sista f\u00f6rbrukningsdagen passerat.<strong> Du b\u00f6r allts\u00e5 inte \u00e4ta en produkt som passerat sista f\u00f6rbrukningsdag. Att \u00e4ta ett livsmedel efter sista f\u00f6rbrukningsdag kan, \u00e4ven om det tillagas, vara h\u00e4lsofarligt.<\/strong><\/p>\n<\/div>\n\n\n\n<hr class=\"wp-block-separator has-alpha-channel-opacity\"\/>\n\n\n\n<div class=\"wp-block-group is-vertical is-layout-flex wp-container-core-group-is-layout-3 wp-block-group-is-layout-flex\" style=\"padding-top:var(--wp--preset--spacing--30)\">\n<h2 class=\"wp-block-heading\"><span style=\"text-decoration: underline\">K\u00e4llor<\/span><\/h2>\n\n\n\n<p><a href=\"https:\/\/www.livsmedelsverket.se\/matvanor-halsa--miljo\/matsvinn\/tips\/vad-betyder-datummarkningen\">https:\/\/www.livsmedelsverket.se\/matvanor-halsa&#8211;miljo\/matsvinn\/tips\/vad-betyder-datummarkningen<\/a><\/p>\n\n\n\n<p><a href=\"https:\/\/www.livsmedelsverket.se\/livsmedel-och-innehall\/tillagning-forvaring-hallbarhet\/forvaring-av-kyld-mat\">https:\/\/www.livsmedelsverket.se\/livsmedel-och-innehall\/tillagning-forvaring-hallbarhet\/forvaring-av-kyld-mat<\/a><\/p>\n\n\n\n<p><a href=\"https:\/\/www.livsmedelsverket.se\/matvanor-halsa--miljo\/matsvinn\/tips\/vad-betyder-datummarkningen\/#Vad_h%C3%A4nder_med_n%C3%A4ringsv%C3%A4rdet_n%C3%A4r_maten_passerat_b%C3%A4st_f%C3%B6re-datum\">https:\/\/www.livsmedelsverket.se\/matvanor-halsa&#8211;miljo\/matsvinn\/tips\/vad-betyder-datummarkningen\/<\/a><\/p>\n\n\n\n<p><a href=\"https:\/\/www.livsmedelsverket.se\/livsmedel-och-innehall\/bakterier-virus-parasiter-och-mogelsvampar1\/bakterier\/listeria-monocytogenes\/#R%C3%A5d_till_riskgrupper:_S%C3%A5_minskar_du_risken_att_bli_sjuk\">https:\/\/www.livsmedelsverket.se\/livsmedel-och-innehall\/bakterier-virus-parasiter-och-mogelsvampar<\/a><\/p>\n\n\n\n<p><a href=\"https:\/\/www.ica.se\/artikel\/bast-fore-datum\/#:~:text=Sista%20f%C3%B6rbrukningsdag%20anv%C3%A4nds%20f%C3%B6r%20k%C3%A4nsliga,g%C3%A4ller%20sista%20f%C3%B6rbrukningsdag%20o%C3%B6ppnade%20f%C3%B6rpackningar.\">https:\/\/www.ica.se\/artikel\/bast-fore-datum\/<\/a><\/p>\n<\/div>\n","protected":false},"excerpt":{"rendered":"<p>Datumm\u00e4rkningar Mycket matsvinn uppst\u00e5r p\u00e5 grund av os\u00e4kerhet kring datumm\u00e4rkningar.&nbsp;Nedan hittar du kort information om de tv\u00e5 vanligaste datumm\u00e4rkningarna: B\u00e4st f\u00f6re och Sista f\u00f6rbrukningsdag. B\u00e4st f\u00f6re-datum B\u00e4st f\u00f6re-datum ger en fingervisning om hur l\u00e4nge en vara h\u00e5ller avsedd kvalitet i form av smak, f\u00e4rg, krispighet eller tuggmotst\u00e5nd. Efter b\u00e4st f\u00f6re-datumet kan dessa faktorer allts\u00e5 \u00e4ndras [&hellip;]<\/p>\n","protected":false},"author":3,"featured_media":0,"parent":0,"menu_order":0,"comment_status":"closed","ping_status":"closed","template":"","meta":{"_monsterinsights_skip_tracking":false,"_monsterinsights_sitenote_active":false,"_monsterinsights_sitenote_note":"","_monsterinsights_sitenote_category":0,"footnotes":""},"class_list":["post-2207","page","type-page","status-publish","hentry"],"aioseo_notices":[],"_links":{"self":[{"href":"https:\/\/matsvinnpaschemat.se\/larare\/wp-json\/wp\/v2\/pages\/2207","targetHints":{"allow":["GET"]}}],"collection":[{"href":"https:\/\/matsvinnpaschemat.se\/larare\/wp-json\/wp\/v2\/pages"}],"about":[{"href":"https:\/\/matsvinnpaschemat.se\/larare\/wp-json\/wp\/v2\/types\/page"}],"author":[{"embeddable":true,"href":"https:\/\/matsvinnpaschemat.se\/larare\/wp-json\/wp\/v2\/users\/3"}],"replies":[{"embeddable":true,"href":"https:\/\/matsvinnpaschemat.se\/larare\/wp-json\/wp\/v2\/comments?post=2207"}],"version-history":[{"count":12,"href":"https:\/\/matsvinnpaschemat.se\/larare\/wp-json\/wp\/v2\/pages\/2207\/revisions"}],"predecessor-version":[{"id":3535,"href":"https:\/\/matsvinnpaschemat.se\/larare\/wp-json\/wp\/v2\/pages\/2207\/revisions\/3535"}],"wp:attachment":[{"href":"https:\/\/matsvinnpaschemat.se\/larare\/wp-json\/wp\/v2\/media?parent=2207"}],"curies":[{"name":"wp","href":"https:\/\/api.w.org\/{rel}","templated":true}]}}