{"id":1957,"date":"2025-09-02T13:18:18","date_gmt":"2025-09-02T13:18:18","guid":{"rendered":"https:\/\/www.matsvinnpaschemat.se\/larare\/?page_id=1957"},"modified":"2026-02-23T13:57:42","modified_gmt":"2026-02-23T13:57:42","slug":"anvanda-matsvinn-pa-schemat","status":"publish","type":"page","link":"https:\/\/matsvinnpaschemat.se\/larare\/anvanda-matsvinn-pa-schemat\/","title":{"rendered":"Anv\u00e4nda Matsvinn p\u00e5 schemat"},"content":{"rendered":"\n<h1 class=\"wp-block-heading\">Anv\u00e4nda <em>Matsvinn p\u00e5 schemat<\/em><\/h1>\n\n\n\n<p>Varmt v\u00e4lkomna att anv\u00e4nda <em>Matsvinn p\u00e5 schemat<\/em>! P\u00e5 denna hemsida hittar du en unik databas med f\u00e4rdiga lektioner och extramaterial fr\u00e5n f\u00f6rskolan upp till gymnasiet som direkt svarar upp mot m\u00e5len i l\u00e4roplanen. Dessutom finns det aktuell fakta om matsvinn och h\u00e5llbar livsmedelsproduktion och -konsumtion.<\/p>\n\n\n\n<p>Det finns massor av olika s\u00e4tt att anv\u00e4nda v\u00e5rt material. H\u00e4r \u00e4r n\u00e5gra tips:<\/p>\n\n\n\n<div class=\"wp-block-group is-vertical is-layout-flex wp-container-core-group-is-layout-1 wp-block-group-is-layout-flex\" style=\"padding-top:var(--wp--preset--spacing--20);padding-bottom:var(--wp--preset--spacing--20)\">\n<h2 class=\"wp-block-heading\">Lektionsbanken<\/h2>\n\n\n\n<p>Du kommer till lektionsbanken genom att klicka p\u00e5 fliken <em>\u201cLektioner\u201d<\/em> i menyraden eller knappen <em>\u201cHitta lektion\u201d<\/em> p\u00e5 startsidan. H\u00e4r finns lektionsmaterial skapat f\u00f6r f\u00f6rskoleklass, l\u00e5gstadiet, mellanstadiet, h\u00f6gstadiet och gymnasiet. Var inte r\u00e4dd f\u00f6r att kolla p\u00e5 lektioner som \u00e4r f\u00f6r \u00e4ldre eller yngre elever, m\u00e5nga lektioner kan anpassas baserat p\u00e5 elevernas kunskapsniv\u00e5 eller behov.<\/p>\n\n\n\n<p>I lektionsbanken kan du filtrera lektioner efter stadie och \u00e4mne. Genom att sortera p\u00e5 stadie hittar du lektioner som \u00e4r s\u00e4rskilt framtagna f\u00f6r det angivna stadiet, medan sortering p\u00e5 \u00e4mne ger dig material att anv\u00e4nda i specifika skol\u00e4mnen. Du kan kryssa i flera \u00e5rskurser eller \u00e4mnen, och \u00e4ven anv\u00e4nda s\u00f6krutan, f\u00f6r att hitta en specifik lektion. \u00c4ven om de flesta lektioner \u00e4r anpassningsbara, finns det de  som \u00e4r utformade f\u00f6r en specifik \u00e5rskurs.<\/p>\n<\/div>\n\n\n\n<div class=\"wp-block-group is-vertical is-layout-flex wp-container-core-group-is-layout-2 wp-block-group-is-layout-flex\" style=\"padding-top:var(--wp--preset--spacing--20);padding-bottom:var(--wp--preset--spacing--20)\">\n<h2 class=\"wp-block-heading\">Skriva ut materialet<\/h2>\n\n\n\n<p>Fr\u00e5n mellanstadiet och upp\u00e5t kan arbetsbladen b\u00e5de skrivas ut och anv\u00e4ndas som skrivbara PDF:er &#8211; skrivf\u00e4lten \u00e4r bl\u00e5a i digital version och syns inte vid utskrift.<\/p>\n<\/div>\n\n\n\n<div class=\"wp-block-group is-vertical is-layout-flex wp-container-core-group-is-layout-3 wp-block-group-is-layout-flex\" style=\"padding-top:var(--wp--preset--spacing--20);padding-bottom:var(--wp--preset--spacing--20)\">\n<h2 class=\"wp-block-heading\">\u00c4mnes\u00f6verskridande lektionsmaterial<\/h2>\n\n\n\n<p>M\u00e5nga lektioner har koppling till fler \u00e4n ett \u00e4mne eller en kurs. Eftersom materialet p\u00e5 hemsidan innefattar m\u00e5nga olika skol\u00e4mnen och infallsvinklar p\u00e5 matsvinnsfr\u00e5gan, vill vi uppmuntra till samverkan \u00f6ver \u00e4mnesgr\u00e4nserna. N\u00e4r elever f\u00e5r arbeta \u00e4mnes\u00f6verskridande f\u00e5r de m\u00f6jlighet att tr\u00e4na p\u00e5 att se samband, j\u00e4mf\u00f6ra perspektiv och anv\u00e4nda kunskaper fr\u00e5n olika \u00e4mnen i ett och samma sammanhang. Det st\u00e4rker deras f\u00f6rm\u00e5ga att f\u00f6rst\u00e5 komplexa samh\u00e4llsfr\u00e5gor och n\u00e4r kunskaper fr\u00e5n olika \u00e4mnen kopplas samman blir l\u00e4randet mer sammanh\u00e5llet och meningsfullt. Genom att samverka \u00f6ver \u00e4mnesgr\u00e4nserna skapas b\u00e4ttre f\u00f6ruts\u00e4ttningar f\u00f6r eleverna att utveckla b\u00e5de \u00e4mneskunskaper och handlingskompetens.<\/p>\n<\/div>\n\n\n\n<div class=\"wp-block-group is-vertical is-layout-flex wp-container-core-group-is-layout-4 wp-block-group-is-layout-flex\" style=\"padding-top:var(--wp--preset--spacing--20);padding-bottom:var(--wp--preset--spacing--20)\">\n<h2 class=\"wp-block-heading\">Mer till dig som l\u00e4rare<\/h2>\n\n\n\n<p>Vi vill att v\u00e5rt material ska vara enkelt att anv\u00e4nda och kunna anv\u00e4ndas av alla. Under fliken &#8221;Extramaterial till l\u00e4rare&#8221; hittar du fakta om hur livsmedelskedjan \u00e4r uppbyggd, vad matsvinn \u00e4r och vad matsvinnet har f\u00f6r  konsekvenser f\u00f6r klimatet, milj\u00f6n och ekonomin. Du hittar \u00e4ven st\u00f6d i hur du som l\u00e4rare kan t\u00e4nka kring dessa fr\u00e5gor i relation till elever som lider av klimat\u00e5ngest eller en \u00e4tst\u00f6rningsproblematik.<\/p>\n\n\n\n<p>Du beh\u00f6ver allts\u00e5 inga f\u00f6rkunskaper inom \u00e4mnet f\u00f6r att kunna anv\u00e4nda dig av v\u00e5rt material, utan v\u00e5r f\u00f6rhoppning \u00e4r att du ska hitta allt du beh\u00f6ver p\u00e5 denna hemsida.<\/p>\n<\/div>\n\n\n\n<hr class=\"wp-block-separator has-alpha-channel-opacity\"\/>\n\n\n\n<p>Har du en fr\u00e5ga om materialet eller hur man anv\u00e4nder det, som inte finns listad h\u00e4r? Eller \u00e4r du intresserad av en f\u00f6rel\u00e4sning om h\u00e5llbart l\u00e4rande? Anv\u00e4nd v\u00e5rt <a href=\"https:\/\/matsvinnpaschemat.se\/larare\/kontakta-oss\/\" data-type=\"page\" data-id=\"1934\">kontaktformul\u00e4r<\/a> eller kontakta <a href=\"mailto:lotta.jansson@atbart.org\">lotta.jansson@atbart.org<\/a><\/p>\n","protected":false},"excerpt":{"rendered":"<p>Anv\u00e4nda Matsvinn p\u00e5 schemat Varmt v\u00e4lkomna att anv\u00e4nda Matsvinn p\u00e5 schemat! P\u00e5 denna hemsida hittar du en unik databas med f\u00e4rdiga lektioner och extramaterial fr\u00e5n f\u00f6rskolan upp till gymnasiet som direkt svarar upp mot m\u00e5len i l\u00e4roplanen. Dessutom finns det aktuell fakta om matsvinn och h\u00e5llbar livsmedelsproduktion och -konsumtion. Det finns massor av olika s\u00e4tt [&hellip;]<\/p>\n","protected":false},"author":3,"featured_media":0,"parent":0,"menu_order":0,"comment_status":"closed","ping_status":"closed","template":"","meta":{"_monsterinsights_skip_tracking":false,"_monsterinsights_sitenote_active":false,"_monsterinsights_sitenote_note":"","_monsterinsights_sitenote_category":0,"footnotes":""},"class_list":["post-1957","page","type-page","status-publish","hentry"],"aioseo_notices":[],"_links":{"self":[{"href":"https:\/\/matsvinnpaschemat.se\/larare\/wp-json\/wp\/v2\/pages\/1957","targetHints":{"allow":["GET"]}}],"collection":[{"href":"https:\/\/matsvinnpaschemat.se\/larare\/wp-json\/wp\/v2\/pages"}],"about":[{"href":"https:\/\/matsvinnpaschemat.se\/larare\/wp-json\/wp\/v2\/types\/page"}],"author":[{"embeddable":true,"href":"https:\/\/matsvinnpaschemat.se\/larare\/wp-json\/wp\/v2\/users\/3"}],"replies":[{"embeddable":true,"href":"https:\/\/matsvinnpaschemat.se\/larare\/wp-json\/wp\/v2\/comments?post=1957"}],"version-history":[{"count":17,"href":"https:\/\/matsvinnpaschemat.se\/larare\/wp-json\/wp\/v2\/pages\/1957\/revisions"}],"predecessor-version":[{"id":3493,"href":"https:\/\/matsvinnpaschemat.se\/larare\/wp-json\/wp\/v2\/pages\/1957\/revisions\/3493"}],"wp:attachment":[{"href":"https:\/\/matsvinnpaschemat.se\/larare\/wp-json\/wp\/v2\/media?parent=1957"}],"curies":[{"name":"wp","href":"https:\/\/api.w.org\/{rel}","templated":true}]}}